{"id":817,"date":"2019-06-09T18:20:14","date_gmt":"2019-06-09T16:20:14","guid":{"rendered":"https:\/\/www.einsiedeln.bike\/cms\/?page_id=817"},"modified":"2019-06-25T21:13:10","modified_gmt":"2019-06-25T19:13:10","slug":"etzel-obersee-sattelegg","status":"publish","type":"page","link":"https:\/\/www.einsiedeln.bike\/cms\/rundtouren\/obersee-sattelegg\/etzel-obersee-sattelegg\/","title":{"rendered":"Etzel &#8211; Obersee &#8211; Sattelegg"},"content":{"rendered":"\t\t<div id=\"maps-marker-pro-9a893b69\" class=\"maps-marker-pro\" style=\"width: 100%;\">\n\t\t\t<div id=\"mmp-map-wrap-9a893b69\" class=\"mmp-map-wrap\">\n\t\t\t\t\t\t\t\t\t<div id=\"mmp-panel-9a893b69\" class=\"mmp-panel\"><\/div>\n\t\t\t\t\t\t\t\t<div id=\"mmp-map-9a893b69\" class=\"mmp-map\" style=\"height: 400px;\"><\/div>\n\t\t\t\t\t\t\t\t\t<div id=\"mmp-chart-wrap-9a893b69\" class=\"mmp-gpx-chart-wrap\" style=\"height: 100px;\"><\/div>\n\t\t\t\t\t\t\t<\/div>\n\t\t\t\t\t<\/div>\n\t\t\n<p><i class=\"wp-svg-safari safari\"><\/i> GPX-Download<\/p>\n<p>Wir starten zur Tour durch den Ortskern von Einsiedeln und passieren den eindr\u00fccklichen Klosterplatz. Die Etzelstrasse bringt uns zum kleinen Hafen des Sihlsees, wo wir rechts und kurz darauf links in Richtung Etzel abzweigen. Anf\u00e4nglich leicht ansteigend, f\u00e4llt die Strasse schon bald wieder ab und wir sausen zur Teufelsbr\u00fccke hinunter, wo wir die Sihl \u00fcberqueren. Unmittelbar nach der Teufelsbr\u00fccke steht zur linken das Geburtshaus des ber\u00fchmten Heilers Paracelsus. Bei der Traverse der Teufelsbr\u00fccke empfiehlt es sich, die \u00abkleine Scheibe\u00bb zu w\u00e4hlen, sprich einen kleinen Gang einzulegen, f\u00fchrt die Strasse doch gleich danach steil bergan zum Etzelpass (950 m). Hier befindet sich das Restaurant St. Meinrad und gleich daneben die gleichnamige Kapelle. Der Ort blickt auf eine lange Historie zur\u00fcck, soll doch der \u00dcberlieferung nach hier der M\u00f6nch Meinrad von Einsiedeln im Jahre 835 eine Kapelle und Klause errichtet haben. Aus diesem Grund ist die Etzelpassh\u00f6he eine bedeutende Station entlang des Jakobsweges.<br \/>\nIn der Folge f\u00fchrt uns die Route weg von der Stille auf schmaler, steil abfallender Strasse hinunter ins pulsierende Pf\u00e4ffikon SZ. Hier folgen wir der Radroute \u00fcber den Seedamm in Richtung Rapperswil. Ungef\u00e4hr auf der Mitte des Seedamms, beim Lichtsignal Verzweigung Hurden, wechselt der Radweg nach Rapperswil-Jona auf die linke Strassenseite, wer hier nicht traversiert wird der Hauptstrassen-Route durch Rapperswil folgen m\u00fcssen. Am Ende des Seedamms, eingangs Rapperswil, macht dann die Radroute eine U-Kehre und unterquert die Hauptstrasse. Wir folgen weiter der offiziellen Radroute und passieren den Bahnhof Rapperswil und pedalen weiter in den Stadtteil Jona. Ausgangs von Jona geht die Radroute vor\u00fcbergehend in einen gekiesten Radweg \u00fcber. Die Route bleibt immer s\u00fcdlich der Bahngeleise und folgt dem Seeufer des Obersees bis nach Schmerikon.<br \/>\nIn Schmerikon zweigen rechts ab durch das Industriequartier und erreichen so den Zugang zum Radwegnetz durch die Linthebene. Bei der Grynau \u00fcberqueren wir die Linth, hier befindet sich auch ein beliebter Ausgangspunkt f\u00fcr Inline-Skater. Die Route verl\u00e4uft weiter auf asphaltierten Landwirtschaftsstrassen durch die Ebene. Vor Sch\u00fcbelbach \u00fcberqueren wir die Autobahn A3, im Ort \u00fcberqueren wir die Hauptstrasse und folgen der signalisierten Veloroute. Diese Route ist leicht ansteigend, f\u00e4llt dann aber wieder nach Siebnen, wo wir die W\u00e4gitalstrasse traversieren, den Ortskern lassen wir rechts liegen. In der Folge geht es steil bergan \u00fcber einige Kehren. Nach einem ersten Effort geht es moderat auf einer Nebenstrasse ins W\u00e4gital, wo wir dann in Vorderthal auf die Passstrasse zur Sattelegg stossen. \u00dcber zahlreiche Kehren geht es nun wieder steiler bergan, es fehlen uns hier noch knapp 500 H\u00f6henmeter bis zur Sattelegg-Passh\u00f6he (1190 m). Einmal oben angekommen ist die anstrengende Steigung im Restaurant Sattelegg Passh\u00f6he schnell vergessen. Zum Schluss geht&#8217;s der Passstrasse folgend hinunter nach Wilerzell am Sihlsee und \u00fcber den Viadukt zur\u00fcck an den Ausgangspunkt nach Einsiedeln.<\/p>\n<p>&nbsp;<\/p>\n","protected":false},"excerpt":{"rendered":"<p>Nebenstrassen-Route \u00fcber den Etzel nach Pf\u00e4ffikon, dann um den Obersee und via Sattelegg zur\u00fcck nach Einsiedeln.<\/p>\n","protected":false},"author":1,"featured_media":825,"parent":415,"menu_order":0,"comment_status":"closed","ping_status":"closed","template":"","meta":{"_acf_changed":false,"_seopress_robots_primary_cat":"","_seopress_titles_title":"","_seopress_titles_desc":"","_seopress_robots_index":"","dwc-title":[""],"dwc-content":["Vorwiegend asphaltiert."],"ngg_post_thumbnail":0,"footnotes":""},"categories":[5,9,4],"tags":[36,37],"class_list":{"0":"post-817","1":"page","2":"type-page","3":"status-publish","4":"has-post-thumbnail","6":"category-e-bike","7":"category-mixed","8":"category-rennrad","9":"tag-obersee","10":"tag-sattelegg"},"acf":[],"_links":{"self":[{"href":"https:\/\/www.einsiedeln.bike\/cms\/wp-json\/wp\/v2\/pages\/817","targetHints":{"allow":["GET"]}}],"collection":[{"href":"https:\/\/www.einsiedeln.bike\/cms\/wp-json\/wp\/v2\/pages"}],"about":[{"href":"https:\/\/www.einsiedeln.bike\/cms\/wp-json\/wp\/v2\/types\/page"}],"author":[{"embeddable":true,"href":"https:\/\/www.einsiedeln.bike\/cms\/wp-json\/wp\/v2\/users\/1"}],"replies":[{"embeddable":true,"href":"https:\/\/www.einsiedeln.bike\/cms\/wp-json\/wp\/v2\/comments?post=817"}],"version-history":[{"count":9,"href":"https:\/\/www.einsiedeln.bike\/cms\/wp-json\/wp\/v2\/pages\/817\/revisions"}],"predecessor-version":[{"id":1107,"href":"https:\/\/www.einsiedeln.bike\/cms\/wp-json\/wp\/v2\/pages\/817\/revisions\/1107"}],"up":[{"embeddable":true,"href":"https:\/\/www.einsiedeln.bike\/cms\/wp-json\/wp\/v2\/pages\/415"}],"wp:featuredmedia":[{"embeddable":true,"href":"https:\/\/www.einsiedeln.bike\/cms\/wp-json\/wp\/v2\/media\/825"}],"wp:attachment":[{"href":"https:\/\/www.einsiedeln.bike\/cms\/wp-json\/wp\/v2\/media?parent=817"}],"wp:term":[{"taxonomy":"category","embeddable":true,"href":"https:\/\/www.einsiedeln.bike\/cms\/wp-json\/wp\/v2\/categories?post=817"},{"taxonomy":"post_tag","embeddable":true,"href":"https:\/\/www.einsiedeln.bike\/cms\/wp-json\/wp\/v2\/tags?post=817"}],"curies":[{"name":"wp","href":"https:\/\/api.w.org\/{rel}","templated":true}]}}