{"id":714,"date":"2018-08-01T14:26:23","date_gmt":"2018-08-01T12:26:23","guid":{"rendered":"https:\/\/www.einsiedeln.bike\/cms\/?page_id=714"},"modified":"2019-08-25T20:07:29","modified_gmt":"2019-08-25T18:07:29","slug":"anleitung","status":"publish","type":"page","link":"https:\/\/www.einsiedeln.bike\/cms\/ueber-einsiedeln-bike\/anleitung\/","title":{"rendered":"Anleitung"},"content":{"rendered":"<h2>Funktionen dieser Website<\/h2>\n<h3>Karte<\/h3>\n<p>Um eine Erkl\u00e4rung der Symbole in der Karte zu erhalten, fahren Sie mit der Maus dar\u00fcber und klicken sie die aktiven Bereiche an.<\/p>\n\n<style>\n\t#hotspot-1019 .hotspots-image-container,\n\t#hotspot-1019 .leaflet-container {\n\t\tbackground: #efefef\t}\n\n\t#hotspot-1019 .hotspots-placeholder {\n\t\tbackground: #d3d3d3;\n\t\tborder: 0 #d3d3d3 solid;\n\t\tcolor: #4f4f4f;\n\t}\n\n\t#hotspot-1019 .hotspot-title {\n\t\tcolor: #000000;\n\t}\n\n\t\t\t#hotspot-1019 .hotspot-default {\n\t\t\tstroke-width: -1;\n\t\t\tfill: #ffffff;\n\t\t\tfill-opacity: 0;\n\t\t\tstroke: #ffffff;\n\t\t\tstroke-opacity: 0;\n\t\t}\n\t\t#hotspot-1019 .hotspot-default:hover,\n\t\t#hotspot-1019 .hotspot-default:focus-visible,\n\t\t#hotspot-1019 .hotspot-default.hotspot-active {\n\t\t\tfill: #c6d850;\n\t\t\tfill-opacity: 0.71;\n\t\t\tstroke: #235B6E;\n\t\t\tstroke-opacity: 0.06;\n\t\t}\n\t\t#hotspot-1019 .leaflet-tooltip,\n\t#hotspot-1019 .leaflet-rrose-content-wrapper {\n\t\tbackground: #d3d3d3;\n\t\tborder-color: #d3d3d3;\n\t\tcolor: #4f4f4f;\n\t}\n\n\t#hotspot-1019 a.leaflet-rrose-close-button {\n\t\tcolor: #000000;\n\t}\n\n\t#hotspot-1019 .leaflet-rrose-tip {\n\t\tbackground: #d3d3d3;\n\t}\n\n\t#hotspot-1019 .leaflet-popup-scrolled {\n\t\tborder-bottom-color: #4f4f4f;\n\t\tborder-top-color: #4f4f4f;\n\t}\n\n\t#hotspot-1019 .leaflet-tooltip-top:before {\n\t\tborder-top-color: #d3d3d3;\n\t}\n\n\t#hotspot-1019 .leaflet-tooltip-bottom:before {\n\t\tborder-bottom-color: #d3d3d3;\n\t}\n\t#hotspot-1019 .leaflet-tooltip-left:before {\n\t\tborder-left-color: #d3d3d3;\n\t}\n\t#hotspot-1019 .leaflet-tooltip-right:before {\n\t\tborder-right-color: #d3d3d3;\n\t}\n<\/style>\n\n\t\n\t<div class=\"hotspots-container  layout-left event-click\" id=\"hotspot-1019\" data-layout=\"left\" data-trigger=\"click\">\n\t\t<div class=\"hotspots-interaction\">\n\t\t\t\t<div class=\"hotspots-placeholder\" id=\"content-hotspot-1019\">\n\t\t<div class=\"hotspot-initial\">\n\t\t\t\t\t\t\t\t\t<h2 class=\"hotspot-title\">\n\t\t\t\tKarten-Features\t\t\t<\/h2>\n\t\t\t\t\t\t<div class=\"hotspot-content\">\n\t\t\t\t\t\t\t<\/div>\n\t\t<\/div>\n\t<\/div>\n<div class=\"hotspots-image-container\">\n\t<img\n\t\twidth=\"754\"\n\t\theight=\"650\"\n\t\tsrc=\"https:\/\/www.einsiedeln.bike\/cms\/wp-content\/uploads\/2019\/06\/karten-erklaerung.png\"\n\t\talt=\"Karten-Features\"\n\t\tclass=\"hotspots-image skip-lazy\"\n\t\tusemap=\"#hotspots-image-1019\"\n\t\tdata-image-title=\"Karten-Features\"\n\t\tdata-image-description=\"\"\n\t\tdata-event-trigger=\"click\"\n\t\tdata-always-visible=\"false\"\n\t\tdata-id=\"1019\"\n\t\tdata-no-lazy=\"1\"\n\t\tdata-lazy-src=\"\"\n\t\tdata-lazy=\"false\"\n\t\tloading=\"eager\"\n\t\tdata-skip-lazy=\"1\"\n\t\t>\n<\/div>\t\t<\/div>\n\t\t<map name=\"hotspots-image-1019\" class=\"hotspots-map\">\n\t\t\t\t\t\t\t\t\t\t\t<area\n\t\t\t\t\tshape=\"polygon\"\n\t\t\t\t\tcoords=\"20,52,21,118,53,118,54,52\"\n\t\t\t\t\thref=\"#hotspot-hotspot-1019-0\"\n\t\t\t\t\trel=\"\"\n\t\t\t\t\ttitle=\"Zoom\"\n\t\t\t\t\talt=\"Zoom\"\n\t\t\t\t\tdata-action=\"\"\n\t\t\t\t\tdata-color-scheme=\"\"\n\t\t\t\t\ttarget=\"\"\n\t\t\t\t\tclass=\"more-info-area\"\n\t\t\t\t\t>\n\t\t\t\t\t\t\t\t\t\t\t<area\n\t\t\t\t\tshape=\"polygon\"\n\t\t\t\t\tcoords=\"18,125,18,161,56,161,55,125\"\n\t\t\t\t\thref=\"#hotspot-hotspot-1019-1\"\n\t\t\t\t\trel=\"\"\n\t\t\t\t\ttitle=\"Vollbild-Modus (ohne Profil)\"\n\t\t\t\t\talt=\"Vollbild-Modus (ohne Profil)\"\n\t\t\t\t\tdata-action=\"\"\n\t\t\t\t\tdata-color-scheme=\"\"\n\t\t\t\t\ttarget=\"\"\n\t\t\t\t\tclass=\"more-info-area\"\n\t\t\t\t\t>\n\t\t\t\t\t\t\t\t\t\t\t<area\n\t\t\t\t\tshape=\"polygon\"\n\t\t\t\t\tcoords=\"19,170,19,206,55,206,56,170\"\n\t\t\t\t\thref=\"#hotspot-hotspot-1019-2\"\n\t\t\t\t\trel=\"\"\n\t\t\t\t\ttitle=\"Home\/Reset\"\n\t\t\t\t\talt=\"Home\/Reset\"\n\t\t\t\t\tdata-action=\"\"\n\t\t\t\t\tdata-color-scheme=\"\"\n\t\t\t\t\ttarget=\"\"\n\t\t\t\t\tclass=\"more-info-area\"\n\t\t\t\t\t>\n\t\t\t\t\t\t\t\t\t\t\t<area\n\t\t\t\t\tshape=\"polygon\"\n\t\t\t\t\tcoords=\"19,213,19,249,55,249,55,213\"\n\t\t\t\t\thref=\"#hotspot-hotspot-1019-3\"\n\t\t\t\t\trel=\"\"\n\t\t\t\t\ttitle=\"Standort\"\n\t\t\t\t\talt=\"Standort\"\n\t\t\t\t\tdata-action=\"\"\n\t\t\t\t\tdata-color-scheme=\"\"\n\t\t\t\t\ttarget=\"\"\n\t\t\t\t\tclass=\"more-info-area\"\n\t\t\t\t\t>\n\t\t\t\t\t\t\t\t\t\t\t<area\n\t\t\t\t\tshape=\"polygon\"\n\t\t\t\t\tcoords=\"720,33,720,12,742,12,742,33\"\n\t\t\t\t\thref=\"#hotspot-hotspot-1019-4\"\n\t\t\t\t\trel=\"\"\n\t\t\t\t\ttitle=\"Vollbild-Modus (mit Profil)\"\n\t\t\t\t\talt=\"Vollbild-Modus (mit Profil)\"\n\t\t\t\t\tdata-action=\"\"\n\t\t\t\t\tdata-color-scheme=\"\"\n\t\t\t\t\ttarget=\"\"\n\t\t\t\t\tclass=\"more-info-area\"\n\t\t\t\t\t>\n\t\t\t\t\t\t\t\t\t\t\t<area\n\t\t\t\t\tshape=\"polygon\"\n\t\t\t\t\tcoords=\"685,49,685,99,735,99,735,50\"\n\t\t\t\t\thref=\"#hotspot-hotspot-1019-5\"\n\t\t\t\t\trel=\"\"\n\t\t\t\t\ttitle=\"Karten-Steuerung\"\n\t\t\t\t\talt=\"Karten-Steuerung\"\n\t\t\t\t\tdata-action=\"\"\n\t\t\t\t\tdata-color-scheme=\"\"\n\t\t\t\t\ttarget=\"\"\n\t\t\t\t\tclass=\"more-info-area\"\n\t\t\t\t\t>\n\t\t\t\t\t\t\t\t\t\t\t<area\n\t\t\t\t\tshape=\"polygon\"\n\t\t\t\t\tcoords=\"685,108,685,157,734,157,734,109\"\n\t\t\t\t\thref=\"#hotspot-hotspot-1019-6\"\n\t\t\t\t\trel=\"\"\n\t\t\t\t\ttitle=\"Marker-Steuerung\"\n\t\t\t\t\talt=\"Marker-Steuerung\"\n\t\t\t\t\tdata-action=\"\"\n\t\t\t\t\tdata-color-scheme=\"\"\n\t\t\t\t\ttarget=\"\"\n\t\t\t\t\tclass=\"more-info-area\"\n\t\t\t\t\t>\n\t\t\t\t\t\t\t\t\t\t\t<area\n\t\t\t\t\tshape=\"polygon\"\n\t\t\t\t\tcoords=\"159,342,159,377,197,377,196,342\"\n\t\t\t\t\thref=\"#hotspot-hotspot-1019-7\"\n\t\t\t\t\trel=\"\"\n\t\t\t\t\ttitle=\"Positionszeiger\"\n\t\t\t\t\talt=\"Positionszeiger\"\n\t\t\t\t\tdata-action=\"\"\n\t\t\t\t\tdata-color-scheme=\"\"\n\t\t\t\t\ttarget=\"\"\n\t\t\t\t\tclass=\"more-info-area\"\n\t\t\t\t\t>\n\t\t\t\t\t\t\t\t\t\t\t<area\n\t\t\t\t\tshape=\"polygon\"\n\t\t\t\t\tcoords=\"434,79,434,116,480,118,481,81\"\n\t\t\t\t\thref=\"#hotspot-hotspot-1019-8\"\n\t\t\t\t\trel=\"\"\n\t\t\t\t\ttitle=\"Marker-Cluster\"\n\t\t\t\t\talt=\"Marker-Cluster\"\n\t\t\t\t\tdata-action=\"\"\n\t\t\t\t\tdata-color-scheme=\"\"\n\t\t\t\t\ttarget=\"\"\n\t\t\t\t\tclass=\"more-info-area\"\n\t\t\t\t\t>\n\t\t\t\t\t\t\t\t\t\t\t<area\n\t\t\t\t\tshape=\"polygon\"\n\t\t\t\t\tcoords=\"289,305,288,355,350,356,351,306\"\n\t\t\t\t\thref=\"#hotspot-hotspot-1019-9\"\n\t\t\t\t\trel=\"\"\n\t\t\t\t\ttitle=\"Marker\"\n\t\t\t\t\talt=\"Marker\"\n\t\t\t\t\tdata-action=\"\"\n\t\t\t\t\tdata-color-scheme=\"\"\n\t\t\t\t\ttarget=\"\"\n\t\t\t\t\tclass=\"more-info-area\"\n\t\t\t\t\t>\n\t\t\t\t\t\t\t\t\t\t\t<area\n\t\t\t\t\tshape=\"polygon\"\n\t\t\t\t\tcoords=\"2,620,4,644,146,646,147,620\"\n\t\t\t\t\thref=\"#hotspot-hotspot-1019-10\"\n\t\t\t\t\trel=\"\"\n\t\t\t\t\ttitle=\"Download\"\n\t\t\t\t\talt=\"Download\"\n\t\t\t\t\tdata-action=\"\"\n\t\t\t\t\tdata-color-scheme=\"\"\n\t\t\t\t\ttarget=\"\"\n\t\t\t\t\tclass=\"more-info-area\"\n\t\t\t\t\t>\n\t\t\t\t\t<\/map>\n\n\t\t\n\t\t\t\t\t\n\t\t\t\t\t\t<div class=\"hotspot-info \" id=\"hotspot-hotspot-1019-0\">\n\t\t\t\t\n\t\t\t\t<h2 class=\"hotspot-title\">Zoom<\/h2>\t\t\t\t\t\t\t\t\t<div class=\"hotspot-thumb\">\n\t\t\t\t\t\t<img loading=\"lazy\" decoding=\"async\" width=\"88\" height=\"128\" src=\"https:\/\/www.einsiedeln.bike\/cms\/wp-content\/uploads\/2019\/06\/zoom.png\" class=\"attachment-large size-large\" alt=\"zoom map\" srcset=\"https:\/\/www.einsiedeln.bike\/cms\/wp-content\/uploads\/2019\/06\/zoom.png 88w, https:\/\/www.einsiedeln.bike\/cms\/wp-content\/uploads\/2019\/06\/zoom-69x100.png 69w\" sizes=\"auto, (max-width: 88px) 100vw, 88px\" \/>\t\t\t\t\t<\/div>\n\t\t\t\t\t\t\t\t<div class=\"hotspot-content\">\n\t\t\t\t\t<p>Klicken sie auf + (Plus)\u00a0 um die Karte einzuzoomen und auf - (Minus) um sie auszuzoomen.<\/p>\n\t\t\t\t<\/div>\n\t\t\t<\/div>\n\t\t\t\t\t\n\t\t\t\t\t\t<div class=\"hotspot-info \" id=\"hotspot-hotspot-1019-1\">\n\t\t\t\t\n\t\t\t\t<h2 class=\"hotspot-title\">Vollbild-Modus (ohne Profil)<\/h2>\t\t\t\t\t\t\t\t\t<div class=\"hotspot-thumb\">\n\t\t\t\t\t\t<img loading=\"lazy\" decoding=\"async\" width=\"78\" height=\"79\" src=\"https:\/\/www.einsiedeln.bike\/cms\/wp-content\/uploads\/2019\/06\/fullscreen-ohne-profil.png\" class=\"attachment-large size-large\" alt=\"\" \/>\t\t\t\t\t<\/div>\n\t\t\t\t\t\t\t\t<div class=\"hotspot-content\">\n\t\t\t\t\t<p>L\u00e4dt die Karte im Vollbild-Modus, ohne H\u00f6henprofil. Mit [esc]-Taste den Vollbild-Modus verlassen.<\/p>\n\t\t\t\t<\/div>\n\t\t\t<\/div>\n\t\t\t\t\t\n\t\t\t\t\t\t<div class=\"hotspot-info \" id=\"hotspot-hotspot-1019-2\">\n\t\t\t\t\n\t\t\t\t<h2 class=\"hotspot-title\">Home\/Reset<\/h2>\t\t\t\t\t\t\t\t\t<div class=\"hotspot-thumb\">\n\t\t\t\t\t\t<img loading=\"lazy\" decoding=\"async\" width=\"81\" height=\"81\" src=\"https:\/\/www.einsiedeln.bike\/cms\/wp-content\/uploads\/2019\/06\/home.png\" class=\"attachment-large size-large\" alt=\"Home Button\" \/>\t\t\t\t\t<\/div>\n\t\t\t\t\t\t\t\t<div class=\"hotspot-content\">\n\t\t\t\t\t<p>Setzt die Karte in den Ausgangszustand zur\u00fcck.<\/p>\n\t\t\t\t<\/div>\n\t\t\t<\/div>\n\t\t\t\t\t\n\t\t\t\t\t\t<div class=\"hotspot-info \" id=\"hotspot-hotspot-1019-3\">\n\t\t\t\t\n\t\t\t\t<h2 class=\"hotspot-title\">Standort<\/h2>\t\t\t\t\t\t\t\t\t<div class=\"hotspot-thumb\">\n\t\t\t\t\t\t<img loading=\"lazy\" decoding=\"async\" width=\"78\" height=\"80\" src=\"https:\/\/www.einsiedeln.bike\/cms\/wp-content\/uploads\/2019\/06\/position.png\" class=\"attachment-large size-large\" alt=\"Standort-Button\" \/>\t\t\t\t\t<\/div>\n\t\t\t\t\t\t\t\t<div class=\"hotspot-content\">\n\t\t\t\t\t<p>Richtet die Karte auf den aktuellen Standort aus. Daf\u00fcr ist muss im Ger\u00e4t\/Browser der Standort-Dienst (z.B. GPS) aktiviert sein.<\/p>\n\t\t\t\t<\/div>\n\t\t\t<\/div>\n\t\t\t\t\t\n\t\t\t\t\t\t<div class=\"hotspot-info \" id=\"hotspot-hotspot-1019-4\">\n\t\t\t\t\n\t\t\t\t<h2 class=\"hotspot-title\">Vollbild-Modus (mit Profil)<\/h2>\t\t\t\t\t\t\t\t\t<div class=\"hotspot-thumb\">\n\t\t\t\t\t\t<img loading=\"lazy\" decoding=\"async\" width=\"39\" height=\"42\" src=\"https:\/\/www.einsiedeln.bike\/cms\/wp-content\/uploads\/2019\/06\/fullscreen-mit-profil.png\" class=\"attachment-large size-large\" alt=\"Fullscreen mit Profil Button\" \/>\t\t\t\t\t<\/div>\n\t\t\t\t\t\t\t\t<div class=\"hotspot-content\">\n\t\t\t\t\t<p>L\u00e4dt die Karte im Vollbild-Modus, mit H\u00f6henprofil, in einem neuen Browser-Reiter. Reiter schliessen um Fullscreen-Modus zu beenden.<\/p>\n\t\t\t\t<\/div>\n\t\t\t<\/div>\n\t\t\t\t\t\n\t\t\t\t\t\t<div class=\"hotspot-info \" id=\"hotspot-hotspot-1019-5\">\n\t\t\t\t\n\t\t\t\t<h2 class=\"hotspot-title\">Karten-Steuerung<\/h2>\t\t\t\t\t\t\t\t\t<div class=\"hotspot-thumb\">\n\t\t\t\t\t\t<img loading=\"lazy\" decoding=\"async\" width=\"91\" height=\"90\" src=\"https:\/\/www.einsiedeln.bike\/cms\/wp-content\/uploads\/2019\/06\/karten-layer.png\" class=\"attachment-large size-large\" alt=\"Karten Layer Button\" \/>\t\t\t\t\t<\/div>\n\t\t\t\t\t\t\t\t<div class=\"hotspot-content\">\n\t\t\t\t\t<p>\u00c4ndern Sie hier den dargestellten Karten-Hintergrund. Zur Auswahl stehen:<\/p>\n<ul>\n<li>OpenStreetMap<\/li>\n<li>Open Cycle Map<\/li>\n<li>Google (Roadmap, Satellite, Terrain)<\/li>\n<li>Bing<\/li>\n<li>Swiss Topo<\/li>\n<li>Open Topo Map<\/li>\n<\/ul>\n\t\t\t\t<\/div>\n\t\t\t<\/div>\n\t\t\t\t\t\n\t\t\t\t\t\t<div class=\"hotspot-info \" id=\"hotspot-hotspot-1019-6\">\n\t\t\t\t\n\t\t\t\t<h2 class=\"hotspot-title\">Marker-Steuerung<\/h2>\t\t\t\t\t\t\t\t\t<div class=\"hotspot-thumb\">\n\t\t\t\t\t\t<img loading=\"lazy\" decoding=\"async\" width=\"98\" height=\"95\" src=\"https:\/\/www.einsiedeln.bike\/cms\/wp-content\/uploads\/2019\/06\/poi.png\" class=\"attachment-large size-large\" alt=\"POI Button\" \/>\t\t\t\t\t<\/div>\n\t\t\t\t\t\t\t\t<div class=\"hotspot-content\">\n\t\t\t\t\t<p>Hier k\u00f6nnen die einzelnen Marker-Kategorien ein- oder ausgeblendet werden. Zur Auswahl stehen:<\/p>\n<ul>\n<li>Restaurants<\/li>\n<li>Points of Interest (POI)<\/li>\n<li>Veloshops<\/li>\n<li>Warnungen (nur auf betroffenen Routen)<\/li>\n<\/ul>\n\t\t\t\t<\/div>\n\t\t\t<\/div>\n\t\t\t\t\t\n\t\t\t\t\t\t<div class=\"hotspot-info \" id=\"hotspot-hotspot-1019-7\">\n\t\t\t\t\n\t\t\t\t<h2 class=\"hotspot-title\">Positionszeiger<\/h2>\t\t\t\t\t\t\t\t\t<div class=\"hotspot-thumb\">\n\t\t\t\t\t\t<img loading=\"lazy\" decoding=\"async\" width=\"209\" height=\"219\" src=\"https:\/\/www.einsiedeln.bike\/cms\/wp-content\/uploads\/2019\/06\/positions-zeiger.png\" class=\"attachment-large size-large\" alt=\"Positionszeiger\" srcset=\"https:\/\/www.einsiedeln.bike\/cms\/wp-content\/uploads\/2019\/06\/positions-zeiger.png 209w, https:\/\/www.einsiedeln.bike\/cms\/wp-content\/uploads\/2019\/06\/positions-zeiger-95x100.png 95w\" sizes=\"auto, (max-width: 209px) 100vw, 209px\" \/>\t\t\t\t\t<\/div>\n\t\t\t\t\t\t\t\t<div class=\"hotspot-content\">\n\t\t\t\t\t<p>Der Positionszeiger in der Karte (= roter Kreis auf blauer Linie) entspricht der mit dem vertikalen Positionsstrich im H\u00f6henprofil dargestellten Stelle. Es wird die H\u00f6he der Stelle und die Distanz seit Routenstart dargestellt.<\/p>\n\t\t\t\t<\/div>\n\t\t\t<\/div>\n\t\t\t\t\t\n\t\t\t\t\t\t<div class=\"hotspot-info \" id=\"hotspot-hotspot-1019-8\">\n\t\t\t\t\n\t\t\t\t<h2 class=\"hotspot-title\">Marker-Cluster<\/h2>\t\t\t\t\t\t\t\t\t<div class=\"hotspot-thumb\">\n\t\t\t\t\t\t<img loading=\"lazy\" decoding=\"async\" width=\"95\" height=\"76\" src=\"https:\/\/www.einsiedeln.bike\/cms\/wp-content\/uploads\/2019\/06\/marker-cluster.png\" class=\"attachment-large size-large\" alt=\"Marker-Cluster\" \/>\t\t\t\t\t<\/div>\n\t\t\t\t\t\t\t\t<div class=\"hotspot-content\">\n\t\t\t\t\t<p>Eine Zahl auf einem orangen Kreis stellt einen sogenannten Marker-Cluster dar, das heisst, an dieser Stelle hat es mehrere, eng beisammen liegende Marker. Um die einzelnen Marker zu betrachten, zoomen sie bitte auf die entsprechende Stelle ein.<\/p>\n\t\t\t\t<\/div>\n\t\t\t<\/div>\n\t\t\t\t\t\n\t\t\t\t\t\t<div class=\"hotspot-info \" id=\"hotspot-hotspot-1019-9\">\n\t\t\t\t\n\t\t\t\t<h2 class=\"hotspot-title\">Marker<\/h2>\t\t\t\t\t\t\t\t\t<div class=\"hotspot-thumb\">\n\t\t\t\t\t\t<img loading=\"lazy\" decoding=\"async\" width=\"234\" height=\"131\" src=\"https:\/\/www.einsiedeln.bike\/cms\/wp-content\/uploads\/2019\/06\/marker.png\" class=\"attachment-large size-large\" alt=\"Marker\" srcset=\"https:\/\/www.einsiedeln.bike\/cms\/wp-content\/uploads\/2019\/06\/marker.png 234w, https:\/\/www.einsiedeln.bike\/cms\/wp-content\/uploads\/2019\/06\/marker-100x56.png 100w\" sizes=\"auto, (max-width: 234px) 100vw, 234px\" \/>\t\t\t\t\t<\/div>\n\t\t\t\t\t\t\t\t<div class=\"hotspot-content\">\n\t\t\t\t\t<p>Ein Marker stellt eine besonders interessante Stelle dar. Um mehr zu erfahren, mit der Maus dar\u00fcberfahren oder anklicken.<\/p>\n\t\t\t\t<\/div>\n\t\t\t<\/div>\n\t\t\t\t\t\n\t\t\t\t\t\t<div class=\"hotspot-info \" id=\"hotspot-hotspot-1019-10\">\n\t\t\t\t\n\t\t\t\t<h2 class=\"hotspot-title\">Download<\/h2>\t\t\t\t\t\t\t\t\t<div class=\"hotspot-thumb\">\n\t\t\t\t\t\t<img loading=\"lazy\" decoding=\"async\" width=\"218\" height=\"43\" src=\"https:\/\/www.einsiedeln.bike\/cms\/wp-content\/uploads\/2019\/06\/gpx.png\" class=\"attachment-large size-large\" alt=\"\" srcset=\"https:\/\/www.einsiedeln.bike\/cms\/wp-content\/uploads\/2019\/06\/gpx.png 218w, https:\/\/www.einsiedeln.bike\/cms\/wp-content\/uploads\/2019\/06\/gpx-100x20.png 100w\" sizes=\"auto, (max-width: 218px) 100vw, 218px\" \/>\t\t\t\t\t<\/div>\n\t\t\t\t\t\t\t\t<div class=\"hotspot-content\">\n\t\t\t\t\t<p>Via den Download-Link unterhalb des H\u00f6henprofils k\u00f6nnen Sie die GPX-Datei der Tour herunterladen. Diese kann auf ein GPS-Ger\u00e4t (z.B. Garmin Edge) geladen werden, um bequem der Route folgen zu k\u00f6nnen.<\/p>\n\t\t\t\t<\/div>\n\t\t\t<\/div>\n\t\t\t<\/div>\n\n\n<p>&nbsp;<\/p>\n<p>&nbsp;<\/p>\n","protected":false},"excerpt":{"rendered":"<p>Funktionen dieser Website Karte Um eine Erkl\u00e4rung der Symbole in der Karte zu erhalten, fahren Sie mit der Maus dar\u00fcber und klicken sie die aktiven Bereiche an. &nbsp; &nbsp;<\/p>\n","protected":false},"author":1,"featured_media":0,"parent":682,"menu_order":0,"comment_status":"closed","ping_status":"closed","template":"","meta":{"_acf_changed":false,"_seopress_robots_primary_cat":"","_seopress_titles_title":"","_seopress_titles_desc":"","_seopress_robots_index":"","dwc-title":[""],"dwc-content":[""],"ngg_post_thumbnail":0,"footnotes":""},"categories":[11],"tags":[],"class_list":{"0":"post-714","1":"page","2":"type-page","3":"status-publish","5":"category-info"},"acf":[],"_links":{"self":[{"href":"https:\/\/www.einsiedeln.bike\/cms\/wp-json\/wp\/v2\/pages\/714","targetHints":{"allow":["GET"]}}],"collection":[{"href":"https:\/\/www.einsiedeln.bike\/cms\/wp-json\/wp\/v2\/pages"}],"about":[{"href":"https:\/\/www.einsiedeln.bike\/cms\/wp-json\/wp\/v2\/types\/page"}],"author":[{"embeddable":true,"href":"https:\/\/www.einsiedeln.bike\/cms\/wp-json\/wp\/v2\/users\/1"}],"replies":[{"embeddable":true,"href":"https:\/\/www.einsiedeln.bike\/cms\/wp-json\/wp\/v2\/comments?post=714"}],"version-history":[{"count":8,"href":"https:\/\/www.einsiedeln.bike\/cms\/wp-json\/wp\/v2\/pages\/714\/revisions"}],"predecessor-version":[{"id":1031,"href":"https:\/\/www.einsiedeln.bike\/cms\/wp-json\/wp\/v2\/pages\/714\/revisions\/1031"}],"up":[{"embeddable":true,"href":"https:\/\/www.einsiedeln.bike\/cms\/wp-json\/wp\/v2\/pages\/682"}],"wp:attachment":[{"href":"https:\/\/www.einsiedeln.bike\/cms\/wp-json\/wp\/v2\/media?parent=714"}],"wp:term":[{"taxonomy":"category","embeddable":true,"href":"https:\/\/www.einsiedeln.bike\/cms\/wp-json\/wp\/v2\/categories?post=714"},{"taxonomy":"post_tag","embeddable":true,"href":"https:\/\/www.einsiedeln.bike\/cms\/wp-json\/wp\/v2\/tags?post=714"}],"curies":[{"name":"wp","href":"https:\/\/api.w.org\/{rel}","templated":true}]}}