{"id":614,"date":"2019-06-02T08:01:38","date_gmt":"2019-06-02T06:01:38","guid":{"rendered":"https:\/\/www.einsiedeln.bike\/cms\/?page_id=614"},"modified":"2023-09-29T22:46:03","modified_gmt":"2023-09-29T20:46:03","slug":"hummel-grosser-runs-trachslau","status":"publish","type":"page","link":"https:\/\/www.einsiedeln.bike\/cms\/rundtouren\/hummel-grosser-runs-trachslau\/","title":{"rendered":"Hummel &#8211; Grosser Runs &#8211; Trachslau"},"content":{"rendered":"\t\t<div id=\"maps-marker-pro-004e236a\" class=\"maps-marker-pro\" style=\"width: 100%;\">\n\t\t\t<div id=\"mmp-map-wrap-004e236a\" class=\"mmp-map-wrap\">\n\t\t\t\t\t\t\t\t\t<div id=\"mmp-panel-004e236a\" class=\"mmp-panel\"><\/div>\n\t\t\t\t\t\t\t\t<div id=\"mmp-map-004e236a\" class=\"mmp-map\" style=\"height: 450px;\"><\/div>\n\t\t\t\t\t\t\t\t\t<div id=\"mmp-chart-wrap-004e236a\" class=\"mmp-gpx-chart-wrap\" style=\"height: 100px;\"><\/div>\n\t\t\t\t\t\t\t<\/div>\n\t\t\t\t\t<\/div>\n\t\t\n<p>Vom Ausgangspunkt am Bahnhof Einsiedeln rollen wir in s\u00fcdliche Richtung gegen das Alpthal los. Am Ortsausgang nach dem Holzlager zweigen wir links ab auf die Nebenstrasse Richtung Ch\u00e4len. Allm\u00e4hlich wird es etwas steiler, doch nach 100 H\u00f6henmeter haben wir den ersten H\u00fcgel des Tages, den Ch\u00e4len, schon gemeistert. Leicht abfallend brausen wir in Richtung Sihlsee hinunter und erreichen den Ortsteil Gross. Hier m\u00fcssen wir leider f\u00fcr gut 2 Kilometer auf der Hauptstrasse fahren, ehe wir beim Steinbach-Viadukt (hintere Br\u00fccke \u00fcber den Sihlsee) geradeaus dem Seeufer entlang weiterrollen. Knapp 3 Kilometer sp\u00e4ter m\u00fcndet unser Weg vor\u00fcbergehend erneut in die Hauptstrasse ein, wir k\u00f6nnen hier jedoch auf dem Trottoir rollen (Fussg\u00e4nger hats hier eh fast nie). Eingangs Unteriberg zweigen wir rechts ab in die Brenten-Steigung. Wir folgen nun der beschilderten Bikeroute 970 &#8222;Hummel-Tour&#8220; und steigen, anf\u00e4nglich noch auf Asphalt, im obersten Teil dann auf Naturstrasse auf rund 1300 Meter hoch. Obwohl es nun mal leicht steigend, mal leicht fallend, weitergeht bleibt die Route recht kurvig, da die Strasse ungef\u00e4hr dem Verlauf der H\u00f6henlinien folgt. Immer wieder bieten sich tolle Ausblicke auf den Sihlsee. Wir umrunden den Hummel und biegen ins Tal Grosser Runs ein, wo wir auf gut 1400 Metern den h\u00f6chsten Punkt der Tour erreichen, in diesem Gebiet kann es durchaus bis in den Juni hinein noch Schneefelder auf der Strasse haben. Auf abfallender Strasse umrunden wir den Tritt, nun wieder auf Asphalt, und biegen kurz darauf nach gut 32 Streckenkilometern links ins Alpthal ab. Allm\u00e4hlich n\u00e4hern wir uns der Talsohle des Alpthal, wo wir die Hauptstrasse erreichen. Hier biegen wir links Richtung Alpthal-Brunni ab, machen jedoch nur 200 Meter sp\u00e4ter eine Spitzkehre in die Nebenstrasse nach Trachslau. Das Restaurant T\u00e4nndli liegt einladend direkt an der Route, eine kurze Rast lohnt sich hier allemal. Die Tour ist jedoch nicht mehr lang, erreichen wir doch 4 Kilometer sp\u00e4ter direkt dem Fluss Alp folgend wieder den Ausgangspunkt.<\/p>\n","protected":false},"excerpt":{"rendered":"<p>Technisch einfache Biketour auf guten Naturstrassen zu den sch\u00f6nsten Ausblicken auf den Sihlsee.<\/p>\n","protected":false},"author":1,"featured_media":617,"parent":269,"menu_order":0,"comment_status":"open","ping_status":"closed","template":"","meta":{"_acf_changed":false,"_seopress_robots_primary_cat":"","_seopress_titles_title":"","_seopress_titles_desc":"","_seopress_robots_index":"","dwc-title":[""],"dwc-content":[""],"ngg_post_thumbnail":0,"footnotes":""},"categories":[5,3],"tags":[],"class_list":{"0":"post-614","1":"page","2":"type-page","3":"status-publish","4":"has-post-thumbnail","6":"category-e-bike","7":"category-mountain-bike"},"acf":{"gpx-download":""},"_links":{"self":[{"href":"https:\/\/www.einsiedeln.bike\/cms\/wp-json\/wp\/v2\/pages\/614","targetHints":{"allow":["GET"]}}],"collection":[{"href":"https:\/\/www.einsiedeln.bike\/cms\/wp-json\/wp\/v2\/pages"}],"about":[{"href":"https:\/\/www.einsiedeln.bike\/cms\/wp-json\/wp\/v2\/types\/page"}],"author":[{"embeddable":true,"href":"https:\/\/www.einsiedeln.bike\/cms\/wp-json\/wp\/v2\/users\/1"}],"replies":[{"embeddable":true,"href":"https:\/\/www.einsiedeln.bike\/cms\/wp-json\/wp\/v2\/comments?post=614"}],"version-history":[{"count":10,"href":"https:\/\/www.einsiedeln.bike\/cms\/wp-json\/wp\/v2\/pages\/614\/revisions"}],"predecessor-version":[{"id":1487,"href":"https:\/\/www.einsiedeln.bike\/cms\/wp-json\/wp\/v2\/pages\/614\/revisions\/1487"}],"up":[{"embeddable":true,"href":"https:\/\/www.einsiedeln.bike\/cms\/wp-json\/wp\/v2\/pages\/269"}],"wp:featuredmedia":[{"embeddable":true,"href":"https:\/\/www.einsiedeln.bike\/cms\/wp-json\/wp\/v2\/media\/617"}],"wp:attachment":[{"href":"https:\/\/www.einsiedeln.bike\/cms\/wp-json\/wp\/v2\/media?parent=614"}],"wp:term":[{"taxonomy":"category","embeddable":true,"href":"https:\/\/www.einsiedeln.bike\/cms\/wp-json\/wp\/v2\/categories?post=614"},{"taxonomy":"post_tag","embeddable":true,"href":"https:\/\/www.einsiedeln.bike\/cms\/wp-json\/wp\/v2\/tags?post=614"}],"curies":[{"name":"wp","href":"https:\/\/api.w.org\/{rel}","templated":true}]}}