{"id":47,"date":"2015-10-18T18:31:03","date_gmt":"2015-10-18T16:31:03","guid":{"rendered":"http:\/\/www.einsiedeln.bike\/cms\/?page_id=47"},"modified":"2023-09-29T21:25:19","modified_gmt":"2023-09-29T19:25:19","slug":"rothenturmer-moor","status":"publish","type":"page","link":"https:\/\/www.einsiedeln.bike\/cms\/rundtouren\/rothenturmer-moor\/","title":{"rendered":"Rothenturmer Moor"},"content":{"rendered":"\t\t<div id=\"maps-marker-pro-c602fcbf\" class=\"maps-marker-pro\" style=\"width: 100%;\">\n\t\t\t<div id=\"mmp-map-wrap-c602fcbf\" class=\"mmp-map-wrap\">\n\t\t\t\t\t\t\t\t\t<div id=\"mmp-panel-c602fcbf\" class=\"mmp-panel\"><\/div>\n\t\t\t\t\t\t\t\t<div id=\"mmp-map-c602fcbf\" class=\"mmp-map\" style=\"height: 450px;\"><\/div>\n\t\t\t\t\t\t\t\t\t<div id=\"mmp-chart-wrap-c602fcbf\" class=\"mmp-gpx-chart-wrap\" style=\"height: 100px;\"><\/div>\n\t\t\t\t\t\t\t<\/div>\n\t\t\t\t\t<\/div>\n\t\t\n<p><a href=\"https:\/\/www.einsiedeln.bike\/cms\/wp-content\/uploads\/2016\/06\/rothenturmer-moor-mtb.gpx\"><i class=\"wp-svg-safari safari\"><\/i> GPX-Download<\/a><\/p>\n<p>Wir verlassen Einsiedeln in westlicher Richtung, vorbei an der Brauerei Rosengarten und dem Spital, Richtung Katzenstrick. In der knackigen Steigung lohnt sich mal ein Blick zur\u00fcck, bietet sich doch eine wundersch\u00f6ne Aussicht auf Einsiedeln. Auf der H\u00f6he des Katzenstricks (1053 m) geht die Asphaltstrasse vor\u00fcbergehend in eine Naturstrasse \u00fcber.<br \/>\nIn flotter Fahrt geht es hinunter in die Dritte Altmatt, wo wir kurz links in die vielbefahrene Kantonsstrasse einbiegen, diese jedoch gleich rechts wieder verlassen. Die Route traversiert die Bahnlinie und f\u00fchrt anschliessend durch das Rothenthurmer Moor. Via Steinstoss geht es auf einer ruhigen Nebenstrasse nach Rothenturm. Diverse Einkehrm\u00f6glichkeiten bieten sich hier, bevor wir die Steigung zur\u00fcck ins Alptal in Angriff nehmen.<br \/>\nAuf fast durchgehend geteerter Forststrasse \u00fcberwinden wir in der Folge 400 H\u00f6henmeter, welche weitgehend bewaldet sind. Nach dem Kulminationspunkt brausen wir ins Alpthal hinunter. Der letzte Abschnitt f\u00fchrt uns anf\u00e4nglich dem Fluss Alp folgend, dann durch das Viertel Trachslau zur\u00fcck nach Einsiedeln.<\/p>\n<p><strong>Alternativen:<br \/>\n<\/strong>Bei Trachslau kann, wer noch Zeit und Power hat, die R\u00fcckfahrt auf der \u00f6stlichen Talflanke via Ch\u00fceboden &#8211; Friherrenberg nach Einsiedeln absolvieren.<\/p>\n","protected":false},"excerpt":{"rendered":"<p>Landschaftlich sehr reizvolle Biketour ins bekannte Rothenthurmer Moor.<\/p>\n","protected":false},"author":1,"featured_media":588,"parent":269,"menu_order":0,"comment_status":"open","ping_status":"closed","template":"","meta":{"_acf_changed":false,"_seopress_robots_primary_cat":"","_seopress_titles_title":"","_seopress_titles_desc":"","_seopress_robots_index":"","dwc-title":[""],"dwc-content":[""],"ngg_post_thumbnail":0,"footnotes":""},"categories":[5,3],"tags":[],"class_list":{"0":"post-47","1":"page","2":"type-page","3":"status-publish","4":"has-post-thumbnail","6":"category-e-bike","7":"category-mountain-bike"},"acf":{"gpx-download":""},"_links":{"self":[{"href":"https:\/\/www.einsiedeln.bike\/cms\/wp-json\/wp\/v2\/pages\/47","targetHints":{"allow":["GET"]}}],"collection":[{"href":"https:\/\/www.einsiedeln.bike\/cms\/wp-json\/wp\/v2\/pages"}],"about":[{"href":"https:\/\/www.einsiedeln.bike\/cms\/wp-json\/wp\/v2\/types\/page"}],"author":[{"embeddable":true,"href":"https:\/\/www.einsiedeln.bike\/cms\/wp-json\/wp\/v2\/users\/1"}],"replies":[{"embeddable":true,"href":"https:\/\/www.einsiedeln.bike\/cms\/wp-json\/wp\/v2\/comments?post=47"}],"version-history":[{"count":21,"href":"https:\/\/www.einsiedeln.bike\/cms\/wp-json\/wp\/v2\/pages\/47\/revisions"}],"predecessor-version":[{"id":1485,"href":"https:\/\/www.einsiedeln.bike\/cms\/wp-json\/wp\/v2\/pages\/47\/revisions\/1485"}],"up":[{"embeddable":true,"href":"https:\/\/www.einsiedeln.bike\/cms\/wp-json\/wp\/v2\/pages\/269"}],"wp:featuredmedia":[{"embeddable":true,"href":"https:\/\/www.einsiedeln.bike\/cms\/wp-json\/wp\/v2\/media\/588"}],"wp:attachment":[{"href":"https:\/\/www.einsiedeln.bike\/cms\/wp-json\/wp\/v2\/media?parent=47"}],"wp:term":[{"taxonomy":"category","embeddable":true,"href":"https:\/\/www.einsiedeln.bike\/cms\/wp-json\/wp\/v2\/categories?post=47"},{"taxonomy":"post_tag","embeddable":true,"href":"https:\/\/www.einsiedeln.bike\/cms\/wp-json\/wp\/v2\/tags?post=47"}],"curies":[{"name":"wp","href":"https:\/\/api.w.org\/{rel}","templated":true}]}}