{"id":259,"date":"2018-12-22T12:46:20","date_gmt":"2018-12-22T11:46:20","guid":{"rendered":"https:\/\/www.einsiedeln.bike\/cms\/?page_id=259"},"modified":"2019-07-18T19:45:03","modified_gmt":"2019-07-18T17:45:03","slug":"einsiedeln-zuerich","status":"publish","type":"page","link":"https:\/\/www.einsiedeln.bike\/cms\/streckentouren\/einsiedeln-zuerich\/","title":{"rendered":"Einsiedeln &#8211; Z\u00fcrich"},"content":{"rendered":"\t\t<div id=\"maps-marker-pro-1a870d70\" class=\"maps-marker-pro\" style=\"width: 100%;\">\n\t\t\t<div id=\"mmp-map-wrap-1a870d70\" class=\"mmp-map-wrap\">\n\t\t\t\t\t\t\t\t<div id=\"mmp-map-1a870d70\" class=\"mmp-map\" style=\"height: 400px;\"><\/div>\n\t\t\t\t\t\t\t\t\t<div id=\"mmp-chart-wrap-1a870d70\" class=\"mmp-gpx-chart-wrap\" style=\"height: 100px;\"><\/div>\n\t\t\t\t\t\t\t<\/div>\n\t\t\t\t\t<\/div>\n\t\t\n<p>Diese Route ist f\u00fcr all jene zu empfehlen, die m\u00f6glichst schnell und direkt und trotzdem einigermassen verkehrsarm von Einsiedeln in die Limmatstadt transferieren m\u00f6chten. Via Z\u00fcrichstrasse verlassen wir Einsiedeln auf der Hauptstrasse, welche uns nach Biberbrugg und weiter nach Schindellegi f\u00fchrt. Weiter geht es in z\u00fcgiger Fahrt hinunter nach Samstagern, wo wir die Hauptstrasse verlassen und in die Beichlenstrasse einbiegen. Ab hier l\u00e4sst das Verkehrsvolumen deutlich nach. Wir traversieren die Hirzel-Passstrasse und rollen weiter unter der Autobahn A3 hindurch nach Horgen. Via Einsiedlerstrasse und Alte Landstrasse geht es nach Thalwil, welches wir auf ruhigen Quartierstrassen durchqueren. Eingangs R\u00fcschlikon folgt die einzige kurze Steigung. Ab hier folgen wir der Veloland Schweiz Route Nr. 32 welche uns direkt ins Zentrum von Z\u00fcrich f\u00fchrt. Der vorliegende GPX-Track w\u00e4hlt innerhalb der Stadt Z\u00fcrich kurzzeitig eine direktere Routenwahl als die offizielle Route Nr. 32 und endet am Z\u00fcrcher Hauptbahnhof.<\/p>\n<p>Selbstverst\u00e4ndlich kann diese Strecke problemlos in umgekehrter Richtung gefahren werden.<\/p>\n","protected":false},"excerpt":{"rendered":"<p>Eine der schnellsten und verkehrsarmsten Veloverbindung vom Klosterdorf in die Limmatstadt.<\/p>\n","protected":false},"author":1,"featured_media":896,"parent":267,"menu_order":0,"comment_status":"open","ping_status":"closed","template":"","meta":{"_acf_changed":false,"_seopress_robots_primary_cat":"","_seopress_titles_title":"","_seopress_titles_desc":"","_seopress_robots_index":"","dwc-title":[""],"dwc-content":[""],"ngg_post_thumbnail":0,"footnotes":""},"categories":[5,4],"tags":[41],"class_list":{"0":"post-259","1":"page","2":"type-page","3":"status-publish","4":"has-post-thumbnail","6":"category-e-bike","7":"category-rennrad","8":"tag-zuerich"},"acf":[],"_links":{"self":[{"href":"https:\/\/www.einsiedeln.bike\/cms\/wp-json\/wp\/v2\/pages\/259","targetHints":{"allow":["GET"]}}],"collection":[{"href":"https:\/\/www.einsiedeln.bike\/cms\/wp-json\/wp\/v2\/pages"}],"about":[{"href":"https:\/\/www.einsiedeln.bike\/cms\/wp-json\/wp\/v2\/types\/page"}],"author":[{"embeddable":true,"href":"https:\/\/www.einsiedeln.bike\/cms\/wp-json\/wp\/v2\/users\/1"}],"replies":[{"embeddable":true,"href":"https:\/\/www.einsiedeln.bike\/cms\/wp-json\/wp\/v2\/comments?post=259"}],"version-history":[{"count":4,"href":"https:\/\/www.einsiedeln.bike\/cms\/wp-json\/wp\/v2\/pages\/259\/revisions"}],"predecessor-version":[{"id":848,"href":"https:\/\/www.einsiedeln.bike\/cms\/wp-json\/wp\/v2\/pages\/259\/revisions\/848"}],"up":[{"embeddable":true,"href":"https:\/\/www.einsiedeln.bike\/cms\/wp-json\/wp\/v2\/pages\/267"}],"wp:featuredmedia":[{"embeddable":true,"href":"https:\/\/www.einsiedeln.bike\/cms\/wp-json\/wp\/v2\/media\/896"}],"wp:attachment":[{"href":"https:\/\/www.einsiedeln.bike\/cms\/wp-json\/wp\/v2\/media?parent=259"}],"wp:term":[{"taxonomy":"category","embeddable":true,"href":"https:\/\/www.einsiedeln.bike\/cms\/wp-json\/wp\/v2\/categories?post=259"},{"taxonomy":"post_tag","embeddable":true,"href":"https:\/\/www.einsiedeln.bike\/cms\/wp-json\/wp\/v2\/tags?post=259"}],"curies":[{"name":"wp","href":"https:\/\/api.w.org\/{rel}","templated":true}]}}