{"id":245,"date":"2016-06-18T16:56:17","date_gmt":"2016-06-18T14:56:17","guid":{"rendered":"http:\/\/www.einsiedeln.bike\/cms\/?page_id=245"},"modified":"2025-04-28T22:30:22","modified_gmt":"2025-04-28T20:30:22","slug":"sattelegg-galgenen-guteregg","status":"publish","type":"page","link":"https:\/\/www.einsiedeln.bike\/cms\/rundtouren\/sattelegg-galgenen-guteregg\/","title":{"rendered":"Sattelegg &#8211; Galgenen &#8211; Guteregg"},"content":{"rendered":"\t\t<div id=\"maps-marker-pro-a09ddf2c\" class=\"maps-marker-pro\" style=\"width: 100%;\">\n\t\t\t<div id=\"mmp-map-wrap-a09ddf2c\" class=\"mmp-map-wrap\">\n\t\t\t\t\t\t\t\t\t<div id=\"mmp-panel-a09ddf2c\" class=\"mmp-panel\"><\/div>\n\t\t\t\t\t\t\t\t<div id=\"mmp-map-a09ddf2c\" class=\"mmp-map\" style=\"height: 450px;\"><\/div>\n\t\t\t\t\t\t\t\t\t<div id=\"mmp-chart-wrap-a09ddf2c\" class=\"mmp-gpx-chart-wrap\" style=\"height: 100px;\"><\/div>\n\t\t\t\t\t\t\t<\/div>\n\t\t\t\t\t<\/div>\n\t\t\n<p><a href=\"https:\/\/www.einsiedeln.bike\/cms\/wp-content\/uploads\/2016\/06\/Sattelegg-Galgenen-Brandegg.gpx\"><i class=\"wp-svg-safari safari\"><\/i> GPX-Download<\/a><\/p>\n<p>Wir verlassen Einsiedeln Richtung Sihlsee und traversieren diesen via Viadukt (Br\u00fccke) nach Wilerzell, wo die Steigung zur Sattelegg beginnt. Statt der asphaltierten Passstrasse folgen wir der Beschilderung des Iron Bike Rennens und nehmen die Steigung via \u00abGeissweidli\u00bb. Kurz vor der Sattelegg-Passh\u00f6he m\u00fcndet die Route in die Passstrasse ein. Wer schon Durst hat, kann im Restaurant Sattelegg, ein weitherum bekanntes Ziel f\u00fcr Rennrad-Fahrer und Biker, einkehren. Weiter geht die Fahrt talabw\u00e4rts Richtung W\u00e4gital. Hier bitte nicht zu schnell fahren, zweigen wir doch bereits nach 700 Meter links in einen Waldweg ab. Es geht nochmals einige H\u00f6henmeter aufw\u00e4rts, bevor eine lange Abfahrt in die Talsohle der March beginnt. Wir lassen Siebnen rechts liegen und rauschen direkt Richtung Lachen, m\u00fcnden jedoch nicht in die Hauptstrasse ein, sondern halten uns stets s\u00fcdlich der Autobahn. Nach nur wenigen flachen Kilometern zweigen wir in Altendorf links ab und nehmen die lange Steigung zur Guteregg\/Brandegg in Angriff. Die Strecke f\u00fchrt anf\u00e4nglich durch einige Rebberge, passiert kurz darauf die Kapelle St. Johann und f\u00fchrt am Restaurant Johannisberg vorbei. Nebst gastronomischen K\u00f6stlichkeiten (Gilde-Koch) gibt es hier f\u00fcr E-Bike Fahrer die M\u00f6glichkeit, den Akku aufzuladen (oder auszutauschen, bei Miet-Bikes). Fortan f\u00fchrt der Anstieg meist unbewaldet und teils recht steil bergw\u00e4rts, wobei zwei weitere M\u00f6glichkeiten f\u00fcr Zwischenstops folgen: die B\u00e4sebeiz und das Restaurant Br\u00e4ggerhof. Bis auf eine H\u00f6he von 1175 m f\u00fchrt die Strasse auf Asphalt, ehe sie in Natur-\/Waldweg \u00fcbergeht. Nach wenigen Kilometer auf Naturstrasse passieren wir die Guteregg, welche etwas zur\u00fcckversetzt auf der rechten Seite etwas versteckt ist. Wer Lust und Zeit hat, dem sei hier ein Zwischenhalt empfohlen. \u00dcber die Abfahrt via Brandegg sausen wir in die Talsohle (Richtung Egg) hinunter, von wo wir dem Sihlsee entlang via Staumauer zur\u00fcck zum Bahnhof Einsiedeln fahren.<\/p>\n","protected":false},"excerpt":{"rendered":"<p>Sch\u00f6ne Biketour durch die W\u00e4lder des Bezirks March<\/p>\n","protected":false},"author":1,"featured_media":251,"parent":269,"menu_order":0,"comment_status":"open","ping_status":"closed","template":"","meta":{"_acf_changed":false,"_seopress_robots_primary_cat":"","_seopress_titles_title":"","_seopress_titles_desc":"","_seopress_robots_index":"","dwc-title":["Strecken\u00e4nderung"],"dwc-content":["Die Route wird im Abschnitt Vorderbergstrasse \/ Bleikenstrasse Altendorf derzeit \u00fcberarbeitet (siehe Markierungen in Karte).\r\n\r\n<strong>Links:<\/strong>\r\n\r\nhttps:\/\/www.marchanzeiger.ch\/2018\/11\/27\/biker-weg-oberhalb-von-altendorf-wird-fall-fuers-bundesgericht\/\r\n\r\nhttps:\/\/www.bger.ch\/ext\/eurospider\/live\/de\/php\/aza\/http\/index.php?highlight_docid=aza%3A%2F%2F14-05-2019-1C_620-2018&amp;lang=de&amp;type=show_document&amp;zoom=YES&amp;\r\n\r\n&nbsp;"],"ngg_post_thumbnail":0,"footnotes":""},"categories":[5,3],"tags":[],"class_list":{"0":"post-245","1":"page","2":"type-page","3":"status-publish","4":"has-post-thumbnail","6":"category-e-bike","7":"category-mountain-bike"},"acf":{"gpx-download":""},"_links":{"self":[{"href":"https:\/\/www.einsiedeln.bike\/cms\/wp-json\/wp\/v2\/pages\/245","targetHints":{"allow":["GET"]}}],"collection":[{"href":"https:\/\/www.einsiedeln.bike\/cms\/wp-json\/wp\/v2\/pages"}],"about":[{"href":"https:\/\/www.einsiedeln.bike\/cms\/wp-json\/wp\/v2\/types\/page"}],"author":[{"embeddable":true,"href":"https:\/\/www.einsiedeln.bike\/cms\/wp-json\/wp\/v2\/users\/1"}],"replies":[{"embeddable":true,"href":"https:\/\/www.einsiedeln.bike\/cms\/wp-json\/wp\/v2\/comments?post=245"}],"version-history":[{"count":22,"href":"https:\/\/www.einsiedeln.bike\/cms\/wp-json\/wp\/v2\/pages\/245\/revisions"}],"predecessor-version":[{"id":1536,"href":"https:\/\/www.einsiedeln.bike\/cms\/wp-json\/wp\/v2\/pages\/245\/revisions\/1536"}],"up":[{"embeddable":true,"href":"https:\/\/www.einsiedeln.bike\/cms\/wp-json\/wp\/v2\/pages\/269"}],"wp:featuredmedia":[{"embeddable":true,"href":"https:\/\/www.einsiedeln.bike\/cms\/wp-json\/wp\/v2\/media\/251"}],"wp:attachment":[{"href":"https:\/\/www.einsiedeln.bike\/cms\/wp-json\/wp\/v2\/media?parent=245"}],"wp:term":[{"taxonomy":"category","embeddable":true,"href":"https:\/\/www.einsiedeln.bike\/cms\/wp-json\/wp\/v2\/categories?post=245"},{"taxonomy":"post_tag","embeddable":true,"href":"https:\/\/www.einsiedeln.bike\/cms\/wp-json\/wp\/v2\/tags?post=245"}],"curies":[{"name":"wp","href":"https:\/\/api.w.org\/{rel}","templated":true}]}}