{"id":1353,"date":"2020-06-27T17:33:29","date_gmt":"2020-06-27T15:33:29","guid":{"rendered":"https:\/\/www.einsiedeln.bike\/cms\/?page_id=1353"},"modified":"2023-09-29T23:36:06","modified_gmt":"2023-09-29T21:36:06","slug":"einsiedeln-waedenswil","status":"publish","type":"page","link":"https:\/\/www.einsiedeln.bike\/cms\/streckentouren\/einsiedeln-waedenswil\/","title":{"rendered":"Einsiedeln &#8211; W\u00e4denswil"},"content":{"rendered":"\t\t<div id=\"maps-marker-pro-2387e181\" class=\"maps-marker-pro\" style=\"width: 100%;\">\n\t\t\t<div id=\"mmp-map-wrap-2387e181\" class=\"mmp-map-wrap\">\n\t\t\t\t\t\t\t\t\t<div id=\"mmp-panel-2387e181\" class=\"mmp-panel\"><\/div>\n\t\t\t\t\t\t\t\t<div id=\"mmp-map-2387e181\" class=\"mmp-map\" style=\"height: 480px;\"><\/div>\n\t\t\t\t\t\t\t\t\t<div id=\"mmp-chart-wrap-2387e181\" class=\"mmp-gpx-chart-wrap\" style=\"height: 100px;\"><\/div>\n\t\t\t\t\t\t\t<\/div>\n\t\t\t\t\t<\/div>\n\t\t\n<p><strong>Der Hauptstrasse entlang von Einsiedeln nach W\u00e4denswil zu radeln ist nicht kompliziert, die einzige Herausforderung stellt das hohe Verkehrsvolumen auf der Strasse dar. Deshalb sei an dieser Stelle die nicht ganz einfach zu findende und auch etwas anstrengendere, aber durchaus reizvolle Verbindung \u00fcber Nebenstrassen beschrieben.<\/strong><\/p>\n<p>Wir starten zur Tour durch den Ortskern von Einsiedeln und passieren den eindr\u00fccklichen Klosterplatz. Die Etzelstrasse bringt uns zum kleinen Hafen des Sihlsees, wo wir rechts und kurz darauf links in Richtung Etzel abzweigen. Anf\u00e4nglich leicht ansteigend, f\u00e4llt die Strasse schon bald wieder ab und wir sausen zur Teufelsbr\u00fccke hinunter, wo wir die Sihl \u00fcberqueren. Unmittelbar nach der Teufelsbr\u00fccke steht zur linken das Geburtshaus des ber\u00fchmten Heilers Paracelsus. Bei der Traverse der Teufelsbr\u00fccke empfiehlt es sich, einen kleinen Gang einzulegen, f\u00fchrt die Strasse doch gleich danach steil bergan. Nach gut 500 Metern zweigen wir links von der Etzelstrasse ab, und folgen der Strasse immer noch ansteigend nochmals anderthalb Kilometer, ehe wir nach einem Waldst\u00fcck den Kulminationspunkt der Tour erreichen.<br \/>\nAuf der Abfahrt nach Schindellegi bietet sich ein phantastischer Ausblick auf den gesamten Z\u00fcrichsee. Im Zentrum von Schindellegi machen wir eine Spitzkehre nach rechts und nehmen die zweite Abzweigung nach links, welche uns \u00fcber eine \u00dcberf\u00fchrung die vielbefahrene Hauptstrasse traversieren l\u00e4sst. Durch das Neubau-Quartier Pauli verlassen wir stark abfallend Schindellegi und erreichen den Ortsteil Erlen von Wollerau. Nach 400 Meter k\u00f6nnen wir die Hauptstrasse nach Samstagern rechts verlassen und erreichen den lauschigen Sternenweiher auf Nebenstr\u00e4sschen. Wir \u00fcberqueren danach die vielbefahrene Bergstrasse eingangs Samstagern, durch einen Minitunnel unterqueren wir in der Folge die Autobahn A3. Ein kurzes Naturstr\u00e4sschen erlaubt darauf eine Abk\u00fcrzung zum Eichhof am s\u00fcd\u00f6stlichen Ortsrand von W\u00e4denswil. In rassiger Abfahrt sausen wir ins Zentrum von W\u00e4denswil hinunter und erreichen den Bahnhof.<\/p>\n<p>Selbstverst\u00e4ndlich kann diese Strecke problemlos in umgekehrter Richtung gefahren werden, sie ist dann nat\u00fcrlich einiges anstrengender, sind doch nicht weniger als 710 H\u00f6henmeter zu bew\u00e4ltigen.<\/p>\n<p><strong>Alternative:<\/strong><br \/>\nWer es eilig hat folgt der grauen markierten Hauptstrassen-Route, welche viel schneller ist, aber sehr viel Verkehr aufweist.<\/p>\n","protected":false},"excerpt":{"rendered":"<p>Weitgehend auf Nebenstrassen vom Klosterdorf an den Z\u00fcrichsee, nicht ganz einfach zu finden aber durchaus reizvoll und kurzweilig. <\/p>\n","protected":false},"author":1,"featured_media":1367,"parent":267,"menu_order":0,"comment_status":"open","ping_status":"closed","template":"","meta":{"_acf_changed":false,"_seopress_robots_primary_cat":"","_seopress_titles_title":"","_seopress_titles_desc":"%%post_excerpt%%","_seopress_robots_index":"","dwc-title":[""],"dwc-content":[""],"ngg_post_thumbnail":0,"footnotes":""},"categories":[9],"tags":[],"class_list":{"0":"post-1353","1":"page","2":"type-page","3":"status-publish","4":"has-post-thumbnail","6":"category-mixed"},"acf":[],"_links":{"self":[{"href":"https:\/\/www.einsiedeln.bike\/cms\/wp-json\/wp\/v2\/pages\/1353","targetHints":{"allow":["GET"]}}],"collection":[{"href":"https:\/\/www.einsiedeln.bike\/cms\/wp-json\/wp\/v2\/pages"}],"about":[{"href":"https:\/\/www.einsiedeln.bike\/cms\/wp-json\/wp\/v2\/types\/page"}],"author":[{"embeddable":true,"href":"https:\/\/www.einsiedeln.bike\/cms\/wp-json\/wp\/v2\/users\/1"}],"replies":[{"embeddable":true,"href":"https:\/\/www.einsiedeln.bike\/cms\/wp-json\/wp\/v2\/comments?post=1353"}],"version-history":[{"count":12,"href":"https:\/\/www.einsiedeln.bike\/cms\/wp-json\/wp\/v2\/pages\/1353\/revisions"}],"predecessor-version":[{"id":1489,"href":"https:\/\/www.einsiedeln.bike\/cms\/wp-json\/wp\/v2\/pages\/1353\/revisions\/1489"}],"up":[{"embeddable":true,"href":"https:\/\/www.einsiedeln.bike\/cms\/wp-json\/wp\/v2\/pages\/267"}],"wp:featuredmedia":[{"embeddable":true,"href":"https:\/\/www.einsiedeln.bike\/cms\/wp-json\/wp\/v2\/media\/1367"}],"wp:attachment":[{"href":"https:\/\/www.einsiedeln.bike\/cms\/wp-json\/wp\/v2\/media?parent=1353"}],"wp:term":[{"taxonomy":"category","embeddable":true,"href":"https:\/\/www.einsiedeln.bike\/cms\/wp-json\/wp\/v2\/categories?post=1353"},{"taxonomy":"post_tag","embeddable":true,"href":"https:\/\/www.einsiedeln.bike\/cms\/wp-json\/wp\/v2\/tags?post=1353"}],"curies":[{"name":"wp","href":"https:\/\/api.w.org\/{rel}","templated":true}]}}