{"id":1292,"date":"2019-11-04T06:55:04","date_gmt":"2019-11-04T05:55:04","guid":{"rendered":"https:\/\/www.einsiedeln.bike\/cms\/?page_id=1292"},"modified":"2020-04-22T20:36:35","modified_gmt":"2020-04-22T18:36:35","slug":"news","status":"publish","type":"page","link":"https:\/\/www.einsiedeln.bike\/cms\/news\/","title":{"rendered":"News"},"content":{"rendered":"<table id=\"posts-table-1\" class=\"posts-data-table\" data-page-length=\"10\" data-paging=\"true\" data-order='[[2, \"desc\"]]' data-click-filter=\"true\" data-scroll-offset=\"15\" cellspacing=\"0\" width=\"100%\"><thead><tr><th data-name=\"title\" data-priority=\"1\" data-width=\"\">Titel<\/th><th data-name=\"content\" data-priority=\"5\" data-width=\"\">Inhalt<\/th><th data-name=\"date\" data-priority=\"2\" data-width=\"\" data-order-data=\"3\">Datum<\/th><th data-name=\"timestamp\" data-visible=\"false\"><\/th><\/tr><\/thead><tbody><tr><td><a href=\"https:\/\/www.einsiedeln.bike\/cms\/es-wird-eng-auf-einigen-wander-und-bikerouten\/\">Es wird eng auf einigen Wander- und Bikerouten<\/a><\/td><td>Artikel aus dem Einsiedler Anzeiger mit Verhaltenstips zur Vermeidung von Konflikten zwischen Wanderer und Biker: &hellip;<\/td><td>2021\/08\/03<\/td><td>2021-08-03 13:12:20<\/td><\/tr><tr><td><a href=\"https:\/\/www.einsiedeln.bike\/cms\/immer-mehr-bikes-auf-wanderwegen\/\">Immer mehr Bikes auf Wanderwegen<\/a><\/td><td>2 interessante Artikel aus dem Einsiedler Anzeiger vom 18.05.2021 Rasante Zunahme von Bikes und E-Bikes &hellip;<\/td><td>2021\/05\/18<\/td><td>2021-05-18 12:55:36<\/td><\/tr><tr><td><a href=\"https:\/\/www.einsiedeln.bike\/cms\/hoehere-prioritaet-fuer-radrouten\/\">H\u00f6here Priorit\u00e4t f\u00fcr Radrouten<\/a><\/td><td>Der&nbsp; Schwyzer Regierungsrat anerkennt zwei Eingaben eines Kantonsrates zum Thema Langsamverkehr und durchg\u00e4ngige Radrouten. Damit &hellip;<\/td><td>2020\/04\/16<\/td><td>2020-04-16 20:20:37<\/td><\/tr><tr><td><a href=\"https:\/\/www.einsiedeln.bike\/cms\/gerichtsurteil-fuehrt-zu-neuer-routenfuehrung-der-herzroute\/\">Gerichtsurteil f\u00fchrt zu neuer Routenf\u00fchrung der Herzroute<\/a><\/td><td>Die Herzroute, eine nationale Veloroute welche auf Nebenstrassen vom Bodensee zum Genfersee f\u00fchrt, muss zwischen &hellip;<\/td><td>2019\/11\/01<\/td><td>2019-11-01 11:36:13<\/td><\/tr><tr><td><a href=\"https:\/\/www.einsiedeln.bike\/cms\/biken-auf-wanderwegen-erlaubt\/\">Biken auf Wanderwegen erlaubt<\/a><\/td><td>Die Schwyzer Kantonsregierung stellte k\u00fcrzlich in einem Artikel im Einsiedler Anzeiger klar, dass die Benutzung &hellip;<\/td><td>2019\/09\/28<\/td><td>2019-09-28 22:58:13<\/td><\/tr><\/tbody><\/table>\n","protected":false},"excerpt":{"rendered":"","protected":false},"author":1,"featured_media":0,"parent":0,"menu_order":0,"comment_status":"closed","ping_status":"closed","template":"","meta":{"_acf_changed":false,"_seopress_robots_primary_cat":"","_seopress_titles_title":"","_seopress_titles_desc":"","_seopress_robots_index":"","dwc-title":[""],"dwc-content":[""],"ngg_post_thumbnail":0,"footnotes":""},"categories":[11],"tags":[],"class_list":{"0":"post-1292","1":"page","2":"type-page","3":"status-publish","5":"category-info"},"acf":[],"_links":{"self":[{"href":"https:\/\/www.einsiedeln.bike\/cms\/wp-json\/wp\/v2\/pages\/1292","targetHints":{"allow":["GET"]}}],"collection":[{"href":"https:\/\/www.einsiedeln.bike\/cms\/wp-json\/wp\/v2\/pages"}],"about":[{"href":"https:\/\/www.einsiedeln.bike\/cms\/wp-json\/wp\/v2\/types\/page"}],"author":[{"embeddable":true,"href":"https:\/\/www.einsiedeln.bike\/cms\/wp-json\/wp\/v2\/users\/1"}],"replies":[{"embeddable":true,"href":"https:\/\/www.einsiedeln.bike\/cms\/wp-json\/wp\/v2\/comments?post=1292"}],"version-history":[{"count":2,"href":"https:\/\/www.einsiedeln.bike\/cms\/wp-json\/wp\/v2\/pages\/1292\/revisions"}],"predecessor-version":[{"id":1299,"href":"https:\/\/www.einsiedeln.bike\/cms\/wp-json\/wp\/v2\/pages\/1292\/revisions\/1299"}],"wp:attachment":[{"href":"https:\/\/www.einsiedeln.bike\/cms\/wp-json\/wp\/v2\/media?parent=1292"}],"wp:term":[{"taxonomy":"category","embeddable":true,"href":"https:\/\/www.einsiedeln.bike\/cms\/wp-json\/wp\/v2\/categories?post=1292"},{"taxonomy":"post_tag","embeddable":true,"href":"https:\/\/www.einsiedeln.bike\/cms\/wp-json\/wp\/v2\/tags?post=1292"}],"curies":[{"name":"wp","href":"https:\/\/api.w.org\/{rel}","templated":true}]}}