{"id":126,"date":"2016-05-14T19:07:20","date_gmt":"2016-05-14T17:07:20","guid":{"rendered":"http:\/\/www.einsiedeln.bike\/cms\/?page_id=126"},"modified":"2019-06-10T23:04:11","modified_gmt":"2019-06-10T21:04:11","slug":"gottschalkenberg","status":"publish","type":"page","link":"https:\/\/www.einsiedeln.bike\/cms\/rundtouren\/rothenthurm-hoehronen\/gottschalkenberg\/","title":{"rendered":"Rund um den Gottschalkenberg"},"content":{"rendered":"\t\t<div id=\"maps-marker-pro-338d7849\" class=\"maps-marker-pro\" style=\"width: 100%;\">\n\t\t\t<div id=\"mmp-map-wrap-338d7849\" class=\"mmp-map-wrap\">\n\t\t\t\t\t\t\t\t<div id=\"mmp-map-338d7849\" class=\"mmp-map\" style=\"height: 450px;\"><\/div>\n\t\t\t\t\t\t\t\t\t<div id=\"mmp-chart-wrap-338d7849\" class=\"mmp-gpx-chart-wrap\" style=\"height: 100px;\"><\/div>\n\t\t\t\t\t\t\t<\/div>\n\t\t\t\t\t<\/div>\n\t\t\n<p>Wir verlassen Einsiedeln in westlicher Richtung, vorbei an der Brauerei Rosengarten und dem Spital, Richtung Katzenstrick. In der knackigen Steigung lohnt sich mal ein Blick zur\u00fcck, bietet sich doch eine wundersch\u00f6ne Aussicht auf Einsiedeln. Auf der H\u00f6he des Katzenstricks (1053 m) geht die Asphaltstrasse vor\u00fcbergehend in eine Naturstrasse \u00fcber.<br \/>\nIn flotter Fahrt geht es hinunter in die dritte Altmatt, wo wir kurz links in die vielbefahrene Kantonsstrasse einbiegen, diese&nbsp;jedoch gleich&nbsp;rechts wieder verlassen. Die Route traversiert die Bahnlinie und f\u00fchrt anschliessend durch das Rothenthurmer Moor, vor\u00fcbergehend wieder auf Naturstrasse, dann wieder auf Asphalt und ansteigend weiter Richtung Morgarten. Wir stechen jedoch nicht bis zum \u00c4gerisee hinunter und folgen einigermassen die H\u00f6he haltend der Strasse Richtung Alosen. In Alosen traversieren wir die Hauptstrasse und rollen weiter Richtung Ober\u00e4geri. Im Ortsteil Grund biegen wir scharf rechts ab, womit eine weitere Steigung zum Kistenpass beginnt. Wenig sp\u00e4ter erreichen&nbsp;wir die ehemalige Lenkwaffen-Stellung Menzingen-Gubel, welche heute als Bundes-Asylzentrum dient. Wir zweigen links ab und rollen zum Kloster Gubel, von welchem sich eine wundersch\u00f6ne Aussicht ins Zugerland und das benachbarte Freiamt bietet.<br \/>\nDie Fahrt geht weiter via Finstersee, wo wir vor\u00fcbergehend in die Hauptstrasse einbiegen, hinunter zur Sihl. Unmittelbar nach der Br\u00fccke \u00fcber die Sihl zweigen wir rechts ab und folgen auf Naturstrasse dem Fluss Sihl einige Kilometer flussaufw\u00e4rts. Kurz nachdem die Strasse wieder in Asphalt \u00fcbergeht, beginnt die kurze aber steile Steigung nach H\u00fctten. Weiter geht es auf der Hauptstrasse bis in den Ortskern von Schindellegi. Hier biegen folgen wir dem Wegweiser &#8222;Etzel&#8220;, auf einer wenig bekannten und vor\u00fcbergehend steilen, jedoch durchgehend asphaltierten Strasse und erreichen erneut das Niveau der Sihl bei der Teufelsbr\u00fccke. Unmittelbar davor passiert man das Geburtshaus des ber\u00fchmten Heilers Paracelsus und heutiges Restaurant Krone. Ein letztes Mal steigt es nach Roblosen, wo sich dann die Sicht auf den Sihlsee \u00f6ffnet. Via Etzelstrasse erreichen wir Einsiedeln von Norden her.<\/p>\n<figure id=\"attachment_150\" aria-describedby=\"caption-attachment-150\" style=\"width: 595px\" class=\"wp-caption alignnone\"><img loading=\"lazy\" decoding=\"async\" class=\"size-large wp-image-150\" src=\"http:\/\/www.einsiedeln.bike\/cms\/wp-content\/uploads\/2016\/05\/einsiedeln-20160506_120813-1024x576.jpg\" alt=\"Aussicht vom Katzenstrick\" width=\"605\" height=\"340\" srcset=\"https:\/\/www.einsiedeln.bike\/cms\/wp-content\/uploads\/2016\/05\/einsiedeln-20160506_120813-1024x576.jpg 1024w, https:\/\/www.einsiedeln.bike\/cms\/wp-content\/uploads\/2016\/05\/einsiedeln-20160506_120813-600x338.jpg 600w, https:\/\/www.einsiedeln.bike\/cms\/wp-content\/uploads\/2016\/05\/einsiedeln-20160506_120813-300x169.jpg 300w, https:\/\/www.einsiedeln.bike\/cms\/wp-content\/uploads\/2016\/05\/einsiedeln-20160506_120813-768x432.jpg 768w, https:\/\/www.einsiedeln.bike\/cms\/wp-content\/uploads\/2016\/05\/einsiedeln-20160506_120813-100x56.jpg 100w, https:\/\/www.einsiedeln.bike\/cms\/wp-content\/uploads\/2016\/05\/einsiedeln-20160506_120813-150x84.jpg 150w, https:\/\/www.einsiedeln.bike\/cms\/wp-content\/uploads\/2016\/05\/einsiedeln-20160506_120813-200x113.jpg 200w, https:\/\/www.einsiedeln.bike\/cms\/wp-content\/uploads\/2016\/05\/einsiedeln-20160506_120813-450x253.jpg 450w, https:\/\/www.einsiedeln.bike\/cms\/wp-content\/uploads\/2016\/05\/einsiedeln-20160506_120813-900x506.jpg 900w, https:\/\/www.einsiedeln.bike\/cms\/wp-content\/uploads\/2016\/05\/einsiedeln-20160506_120813.jpg 1600w\" sizes=\"auto, (max-width: 605px) 100vw, 605px\" \/><figcaption id=\"caption-attachment-150\" class=\"wp-caption-text\">Blick vom Katzenstrick Richtung Einsiedeln<\/figcaption><\/figure>\n","protected":false},"excerpt":{"rendered":"<p>Abwechslungsreiche Rundtour um den H\u00fcgelzug H\u00f6hrohnen bietet wundersch\u00f6ne Ausblicke auf den Zuger- und den Z\u00fcrichsee. <\/p>\n","protected":false},"author":1,"featured_media":220,"parent":484,"menu_order":0,"comment_status":"open","ping_status":"closed","template":"","meta":{"_acf_changed":false,"_seopress_robots_primary_cat":"","_seopress_titles_title":"","_seopress_titles_desc":"","_seopress_robots_index":"","dwc-title":[""],"dwc-content":[""],"ngg_post_thumbnail":0,"footnotes":""},"categories":[5,3],"tags":[31],"class_list":{"0":"post-126","1":"page","2":"type-page","3":"status-publish","4":"has-post-thumbnail","6":"category-e-bike","7":"category-mountain-bike","8":"tag-hoehrohnen"},"acf":[],"_links":{"self":[{"href":"https:\/\/www.einsiedeln.bike\/cms\/wp-json\/wp\/v2\/pages\/126","targetHints":{"allow":["GET"]}}],"collection":[{"href":"https:\/\/www.einsiedeln.bike\/cms\/wp-json\/wp\/v2\/pages"}],"about":[{"href":"https:\/\/www.einsiedeln.bike\/cms\/wp-json\/wp\/v2\/types\/page"}],"author":[{"embeddable":true,"href":"https:\/\/www.einsiedeln.bike\/cms\/wp-json\/wp\/v2\/users\/1"}],"replies":[{"embeddable":true,"href":"https:\/\/www.einsiedeln.bike\/cms\/wp-json\/wp\/v2\/comments?post=126"}],"version-history":[{"count":40,"href":"https:\/\/www.einsiedeln.bike\/cms\/wp-json\/wp\/v2\/pages\/126\/revisions"}],"predecessor-version":[{"id":839,"href":"https:\/\/www.einsiedeln.bike\/cms\/wp-json\/wp\/v2\/pages\/126\/revisions\/839"}],"up":[{"embeddable":true,"href":"https:\/\/www.einsiedeln.bike\/cms\/wp-json\/wp\/v2\/pages\/484"}],"wp:featuredmedia":[{"embeddable":true,"href":"https:\/\/www.einsiedeln.bike\/cms\/wp-json\/wp\/v2\/media\/220"}],"wp:attachment":[{"href":"https:\/\/www.einsiedeln.bike\/cms\/wp-json\/wp\/v2\/media?parent=126"}],"wp:term":[{"taxonomy":"category","embeddable":true,"href":"https:\/\/www.einsiedeln.bike\/cms\/wp-json\/wp\/v2\/categories?post=126"},{"taxonomy":"post_tag","embeddable":true,"href":"https:\/\/www.einsiedeln.bike\/cms\/wp-json\/wp\/v2\/tags?post=126"}],"curies":[{"name":"wp","href":"https:\/\/api.w.org\/{rel}","templated":true}]}}